 31?
28
Let l = -66 - -104. Let u = -7 + 1. Let c(w) = w**3 + 6*w**2 - w + 7. Calculate the remainder when l is divided by c(u).
12
Let a(b) = -6*b + 235. What is the remainder when a(9) is divided by 14?
13
Let c(l) = l**2 - 22*l + 138. Calculate the remainder when c(36) is divided by 17.
13
Suppose -270 - 19 = -m. Let j = m - 173. Suppose -5*x = -49 - j. What is the remainder when x is divided by 17?
16
Suppose 4*x = 4*g + 24 - 104, -g + 32 = -4*x. Let m(o) = -2*o + 41. What is the remainder when 24 is divided by m(g)?
6
Let p be -15*(-4)/6*1. Let u = p - 5. Calculate the remainder when 8 is divided by u.
3
Suppose -9 = -2*c - 5*x, -2*x + 0*x + 19 = 3*c. What is the remainder when 24 is divided by c?
3
Suppose 20*w + 807 = 2*l + 23*w, -3*w = -l + 408. What is the remainder when l is divided by 17?
14
Suppose 503 = 9*x + 116. Calculate the remainder when 207 is divided by x.
35
Suppose -5*a = -88 - 112. Suppose -2*h - 2 = 0, -2*h + 3*h - 299 = -4*l. What is the remainder when l is divided by a?
35
Let n be 2 + -1 + -2 + -10. Let u(y) = y + 9. Let l be u(n). Let g = l - -11. Calculate the remainder when 43 is divided by g.
7
Calculate the remainder when 23 is divided by 164/10 - (-13)/((-260)/8).
7
Suppose 3*i = -3, 0 = v - 2*i - 2*i + 79. Let r = -74 - v. Calculate the remainder when 25 is divided by r.
7
Let y(r) = -115*r - 204. Suppose 0 = -3*w - w. Suppose w*g = 2*g - 18. What is the remainder when y(-2) is divided by g?
8
Calculate the remainder when 42 is divided by (18/27 - 6)/(4/(-6)).
2
Let g(p) = -p**3 + 3*p**2 + 2*p + 127. What is the remainder when 617 is divided by g(0)?
109
Let x(p) = -p**3 - p**2 + p - 62. Let q be x(0). Let v = 12 + 4. Calculate the remainder when (-3)/(-1)*q/(-3) is divided by v.
14
Suppose 5 = 5*x + 5*m, 2*m - 10 + 4 = -3*x. Suppose o + 5*z - 191 = -3*o, 0 = -o - x*z + 34. What is the remainder when o is divided by 11?
10
Let c(f) = f**3 - 25*f**2 + f - 15. Let k = -49 + 55. What is the remainder when c(25) is divided by k?
4
Let j = -6 + 15. Suppose -r = -3*q + j, 4*r + r = 15. Calculate the remainder when q is divided by 2.
0
Calculate the remainder when -22*(6/(-4) + 0) is divided by 18.
15
Let w(x) = -6*x**2 - x - 2. Let h be w(2). Let z = 48 + h. What is the remainder when 3/(-6) - 119/(-2) is divided by z?
19
Suppose 5*x - 3 = -3*n, 3*x = 3*n - 24 - 3. Calculate the remainder when 10 is divided by ((-4)/2)/((-4)/n).
1
Let a be (2/(-3))/((-1)/192). Suppose p - a = -4*l, 3*p - 6*l = -l + 469. Suppose 3*u = -34 + p. What is the remainder when u is divided by 20?
18
Let f be ((-20)/(-6))/((-4)/(-6)). Suppose -2*x + 32 = -2*n - 0*n, 2*x + f*n = 11. Calculate the remainder when x is divided by 5.
3
Suppose 440 = 64*o - 60*o. Calculate the remainder when o is divided by 38.
34
Let f(i) = i**2 - 7*i + 1. Let k be 1*2*(-7)/(-2). Let m be f(k). Let b = m + 5. Calculate the remainder when 16 is divided by b.
4
What is the remainder when 214 is divided by (122/(-4))/((-76)/8 + 9)?
31
Suppose -11*f + 967 = 21. Let r = f + -72. Calculate the remainder when 67 is divided by r.
11
Let g = -32 + 35. Suppose d + 42 = g*d. Let i = 3 + d. What is the remainder when 117 is divided by i?
21
Suppose 3*z - 47 = 5*v + 11, 5*z - 4*v = 88. Let l = -2 + z. Calculate the remainder when 53 is divided by l.
11
Let z(u) = u**2 - 5*u. Let j be z(2). What is the remainder when 8 is divided by (-1)/(1 + -2 + 3)*j?
2
Suppose 4*n - 5*r - 31 = 67, -3*r = -3*n + 72. Suppose 9*d - 4*d = 35. Let u = d + -1. Calculate the remainder when n is divided by u.
4
Suppose 5*g = 2*b + b - 24, -3*g - 2*b = 22. Let s(m) = -2*m - 42 - 42 + 83. What is the remainder when 42 is divided by s(g)?
9
Let a(i) = 6*i - 7. Suppose 4*y + 6 = -4*x + 362, 5*x - 355 = -4*y. What is the remainder when y is divided by a(5)?
21
Let p = 175 - 159. Calculate the remainder when p is divided by 14.
2
Suppose 4*g + 201 + 67 = 0. Let j = -47 - g. What is the remainder when ((-5)/j)/(2/(-56)) is divided by 3?
1
Calculate the remainder when 418/5 - 6/(-15) is divided by 44.
40
Let u(o) = -o**3 + 12*o**2 - 25*o - 9. What is the remainder when u(6) is divided by 12?
9
Suppose -3*t + w = -261, 3*t - 166 = t - 2*w. Let a = -34 + t. Calculate the remainder when a is divided by 8.
4
Let m = -178 - -302. Calculate the remainder when m is divided by 25.
24
Let a = 10 + -7. Suppose -13 + 1 = a*m. What is the remainder when 1/m - 205/(-4) is divided by 11?
7
Let w be (-52)/(-20) - 4/(-10). Suppose 5*o = -3*g + 80, -w*g + 32 = 2*o - 5*g. Suppose -5*h + 46 = -4*h. Calculate the remainder when h is divided by o.
14
Let r = 31 + -18. Let n(f) = -12*f - 78. Let l be n(-12). Suppose -l*z = -68*z + 72. Calculate the remainder when z is divided by r.
10
Suppose 166*b - 168*b + 258 = 0. Calculate the remainder when b is divided by 33.
30
Let m = -3 + 9. Let u(q) = -q + 1. Suppose 5*h = -33 + 18. What is the remainder when m is divided by u(h)?
2
Suppose 29*m = 10*m + 1501. What is the remainder when 788 is divided by m?
77
Let v(s) = -s**3 - s**2 + 5*s - 1. Suppose -10 = 2*w - 2. Let t = -7 + 22. Calculate the remainder when v(w) is divided by t.
12
What is the remainder when 56 is divided by 1 + -4 + 8 + 46?
5
Let k(p) = -2*p**3 + 51*p**2 + 28*p - 16. What is the remainder when (1 - -1)/(-2) + 142 is divided by k(26)?
33
Let w(f) be the first derivative of 2*f**3 + f**2/2 - 7. Let c = -5 - -11. What is the remainder when w(-2) is divided by c?
4
Suppose 3*o - 1003 = -3*u + 7*u, -u + 1369 = 4*o. Suppose -6*p + 3*p + o = -4*s, 5*s - 403 = -4*p. Calculate the remainder when p is divided by 18.
17
Suppose p = -4*c + 173, -2*c + 5*p + 167 = 2*c. Calculate the remainder when c is divided by 10.
3
Let i be -4*(35/(-10) + 3). Suppose -i*w - 2*w = 88. Let n = -11 - w. What is the remainder when 41 is divided by n?
8
Suppose -8*o + 255 + 33 = 0. Calculate the remainder when 169 is divided by o.
25
Suppose -27*a + 24*a + 1158 = 0. Suppose 154 + a = 5*d. Calculate the remainder when d is divided by 28.
24
Calculate the remainder when ((-170)/(25/(-5)))/(3/18) is divided by 43.
32
Calculate the remainder when 153 is divided by ((-24)/42)/(2/(-14)) + 18.
21
Let j(q) = 5*q**2 - 2*q - 4. Let z(g) = 107*g**2 - 961*g - 4. What is the remainder when j(5) is divided by z(9)?
13
Let n = 17 + 25. What is the remainder when n is divided by 4?
2
Suppose -396 = -o - 8*o. Suppose 4*t = 52 + o. What is the remainder when t is divided by (0 + 1)*13/1?
11
Let h(j) = -5*j**3 - 7*j**2 - 56*j + 5. Let y(v) = 2*v**3 + 2*v**2 + 19*v - 2. Let o(q) = -3*h(q) - 8*y(q). Calculate the remainder when 71 is divided by o(7).
11
Suppose 3*z - 11 = -26. What is the remainder when 113 is divided by ((z/(-2))/5)/(11/638)?
26
Suppose 0*y = 2*y - 10, 5*n + 4*y = 485. Calculate the remainder when 182 is divided by n.
89
Let w = -18 + 25. Suppose -2*s + w = -1. What is the remainder when 107*-2*(-2)/s is divided by 22?
19
Let z = 568 - 545. Suppose 4*b + 41 = 8*b - 5*k, -5*b - 5 = 5*k. What is the remainder when z is divided by b?
3
Suppose -2*z = -4*z - 1028. Suppose 4*j - 195 = -11*j. What is the remainder when z/(-14) + (-4)/(-14) is divided by j?
11
Suppose 261 = 4*z + g, 158 = 3*z - 5*g - 32. Calculate the remainder when z is divided by 35.
30
Let u(w) = 2*w**2 + 30*w + 122. Calculate the remainder when u(-6) is divided by 4.
2
Let h be (-14)/(-3) + (-2)/3. Suppose 1 = -3*k + h*a + 16, 3*a = -4*k + 45. Calculate the remainder when 26 is divided by k.
8
Let l = 465 + -785. What is the remainder when 41 is divided by 4/6 - (l/15 + 5)?
7
Suppose q - 36 = -2*v + 11, 4*v = 3*q - 121. Calculate the remainder when q is divided by 30.
13
Let t = -568 - -590. Calculate the remainder when t is divided by 13.
9
Suppose -77 = 2*y + 23. Let t = y - -87. Calculate the remainder when 72 is divided by t.
35
Let m(j) = -4*j + 9. Let o be m(4). Let x = -3 - o. Suppose -9*n + x*n = -40. Calculate the remainder when n is divided by 4.
0
Suppose -2*t + t = -47. Suppose -41 = 12*q - 245. What is the remainder when t is divided by q?
13
Suppose -22*t + 55 + 55 = 0. What is the remainder when 11 is divided by t?
1
Suppose 4 = 3*o + 22. Let c be (-7)/(-3) + o/(-9). Suppose 93 = h + 4*a + 16, -270 = -4*h + c*a. Calculate the remainder when h is divided by 24.
2